divided by 1716?
1639
What is the remainder when 7700538 is divided by 429?
417
Calculate the remainder when 19238064 is divided by 51.
48
Calculate the remainder when 126807 is divided by 7905.
327
What is the remainder when 290153 is divided by 234?
227
What is the remainder when 825853 is divided by 4517?
3759
Calculate the remainder when 1096313 is divided by 535.
98
Calculate the remainder when 11073390 is divided by 205062.
42
Calculate the remainder when 367513 is divided by 3311.
3303
Calculate the remainder when 182766726 is divided by 9404.
9390
What is the remainder when 48186582 is divided by 87?
66
Calculate the remainder when 217992 is divided by 2181.
2073
Calculate the remainder when 15537575 is divided by 13.
1
What is the remainder when 91369 is divided by 22400?
1769
What is the remainder when 2632490 is divided by 74?
14
What is the remainder when 930337 is divided by 116290?
17
What is the remainder when 494330 is divided by 4664?
4610
What is the remainder when 3506207 is divided by 28?
19
What is the remainder when 547252 is divided by 892?
456
Calculate the remainder when 75260338 is divided by 25.
13
What is the remainder when 604591 is divided by 331?
185
What is the remainder when 1298113749 is divided by 767?
764
Calculate the remainder when 42294449 is divided by 8458887.
14
What is the remainder when 56722503 is divided by 1417?
1410
Calculate the remainder when 1852602 is divided by 52.
50
Calculate the remainder when 4640002 is divided by 162.
160
Calculate the remainder when 462823 is divided by 3376.
311
What is the remainder when 131174 is divided by 8194?
70
What is the remainder when 3508468 is divided by 5260?
48
Calculate the remainder when 17705585 is divided by 69707.
7
What is the remainder when 24507336 is divided by 220?
216
What is the remainder when 680288 is divided by 61800?
488
What is the remainder when 24705102 is divided by 1165?
112
Calculate the remainder when 112229 is divided by 301.
257
Calculate the remainder when 23910040 is divided by 7970013.
1
What is the remainder when 3582129 is divided by 53464?
41
What is the remainder when 100108 is divided by 49214?
1680
What is the remainder when 380974805 is divided by 3151?
3150
Calculate the remainder when 326786 is divided by 34.
12
Calculate the remainder when 3138983021 is divided by 2506.
2505
What is the remainder when 16346 is divided by 278?
222
Calculate the remainder when 42566949 is divided by 3774.
3
What is the remainder when 521663 is divided by 130248?
671
What is the remainder when 5502614 is divided by 6?
2
Calculate the remainder when 500299 is divided by 1158.
43
What is the remainder when 15864 is divided by 2386?
1548
Calculate the remainder when 138718 is divided by 69190.
338
What is the remainder when 62602 is divided by 1225?
127
Calculate the remainder when 1357850 is divided by 765.
740
What is the remainder when 45141 is divided by 44732?
409
Calculate the remainder when 487592 is divided by 10.
2
What is the remainder when 346820 is divided by 86679?
104
Calculate the remainder when 34624 is divided by 17157.
310
What is the remainder when 2276504611 is divided by 2143?
2140
Calculate the remainder when 1126817 is divided by 26.
3
Calculate the remainder when 6048250 is divided by 979.
967
What is the remainder when 1792133 is divided by 1030?
963
What is the remainder when 10244413 is divided by 2912?
2909
Calculate the remainder when 96749 is divided by 2719.
1584
What is the remainder when 2967782 is divided by 989145?
347
Calculate the remainder when 9047 is divided by 3155.
2737
Calculate the remainder when 1767521 is divided by 1338.
23
Calculate the remainder when 383104 is divided by 3949.
51
What is the remainder when 2579672 is divided by 471?
5
What is the remainder when 19183636 is divided by 3201?
43
Calculate the remainder when 17689246 is divided by 2175.
2146
Calculate the remainder when 31908109 is divided by 89.
7
Calculate the remainder when 60343535 is divided by 56.
7
What is the remainder when 385642 is divided by 1662?
58
Calculate the remainder when 144620474 is divided by 5852.
5850
What is the remainder when 24716510 is divided by 6179119?
34
Calculate the remainder when 9611 is divided by 7976.
1635
Calculate the remainder when 380454 is divided by 2363.
11
Calculate the remainder when 2446542 is divided by 193.
74
Calculate the remainder when 5309861 is divided by 376.
365
Calculate the remainder when 1629041 is divided by 30.
11
Calculate the remainder when 6644770 is divided by 2214919.
13
What is the remainder when 2663193 is divided by 214?
177
What is the remainder when 19745158 is divided by 411?
307
Calculate the remainder when 1642931 is divided by 83.
29
Calculate the remainder when 17547766 is divided by 28.
26
Calculate the remainder when 660799 is divided by 2169.
1423
Calculate the remainder when 2122251 is divided by 518.
5
Calculate the remainder when 7251839 is divided by 25992.
71
What is the remainder when 11454784 is divided by 787?
786
What is the remainder when 280078508 is divided by 294?
290
Calculate the remainder when 66562752 is divided by 3328137.
12
What is the remainder when 783737 is divided by 533?
227
Calculate the remainder when 206507 is divided by 33861.
3341
What is the remainder when 83270 is divided by 876?
50
What is the remainder when 3296330 is divided by 89090?
0
What is the remainder when 776505 is divided by 6?
3
Calculate the remainder when 610576 is divided by 203518.
22
What is the remainder when 5019331 is divided by 54554?
363
Calculate the remainder when 36270918 is divided by 41.
22
What is the remainder when 722340 is divided by 48156?
0
Calculate the remainder when 1336522 is divided by 23.
15
What is the remainder when 18017471 is divided by 195842?
7
Calculate the remainder when 1257200 is divided by 1554.
14
Calculate the remainder when 242152 is divided by 886.
274
What is the remainder when 31446369 is divided by 1985?
1984
Calculate the remainder when 730178 is divided by 16568.
1186
What is the remainder when 6252134 is divided by 168?
14
Calculate the remainder when 3647375 is divided by 21083.
16
Calculate the remainder when 463161 is divided by 919.
904
Calculate the remainder when 89956337 is divided by 961.
10
What is the remainder when 58438095 is divided by 22774?
11
Calculate the remainder when 661265 is divided by 2086.
3
What is the remainder when 436630 is divided by 218294?
42
Calculate the remainder when 402687 is divided by 50314.
175
What is the remainder when 4124632 is divided by 260?
252
What is the remainder when 1977432 is divided by 70609?
380
What is the remainder when 2744466 is divided by 1372163?
140
Calculate the remainder when 129401 is divided by 814.
789
Calculate the remainder when 21052309 is divided by 915.
904
Calculate the remainder when 1885784 is divided by 134697.
26
Calculate the remainder when 94794902 is divided by 114.
26
What is the remainder when 237851 is divided by 12511?
142
What is the remainder when 33498 is divided by 33406?
92
Calculate the remainder when 96889015 is divided by 391.
388
What is the remainder when 7881891 is divided by 939?
864
Calculate the remainder when 71976 is divided by 699.
678
What is the remainder when 8082592 is divided by 112?
0
What is the remainder when 1066498 is divided by 30?
28
Calculate the remainder when 556494 is divided by 2132.
42
Calculate the remainder when 1076022 is divided by 2568.
30
Calculate the remainder when 433014 is divided by 56.
22
Calculate the remainder when 69177737 is divided by 117.
83
Calculate the remainder when 859762058 is divided by 2540.
2538
Calculate the remainder when 2077648 is divided by 2031.
1966
Calculate the remainder when 400697 is divided by 1186.
1015
What is the remainder when 35341278 is divided by 12?
6
Calculate the remainder when 629852 is divided by 1785.
1532
Calculate the remainder when 9598550 is divided by 80.
70
Calculate the remainder when 714414 is divided by 4700.
14
What is the remainder when 158322 is divided by 8704?
1650
Calculate the remainder when 656813 is divided by 656647.
166
What is the remainder when 1721607 is divided by 3383?
3043
What is the remainder when 20284824 is d